 greatest common factor of 6048 and 4316052.
12
Calculate the greatest common divisor of 38033 and 686157.
521
Calculate the highest common factor of 20532798 and 162.
54
What is the greatest common factor of 250032035 and 220?
55
What is the highest common factor of 11592 and 1188558?
126
Calculate the highest common divisor of 197021975 and 25.
25
Calculate the highest common factor of 66520598 and 222.
74
Calculate the highest common factor of 6864 and 41744076.
132
What is the greatest common factor of 11 and 558249692?
11
What is the highest common factor of 10841 and 38887?
37
What is the highest common divisor of 32292375 and 60?
15
What is the greatest common divisor of 7921119 and 57?
57
What is the highest common divisor of 100 and 54063775?
25
What is the greatest common divisor of 98 and 8341907?
49
What is the greatest common factor of 56688 and 26208?
48
Calculate the greatest common divisor of 1105536305 and 107.
107
What is the greatest common factor of 5648197 and 2?
1
Calculate the highest common divisor of 231 and 279510693.
231
Calculate the highest common divisor of 798 and 2286599574.
798
Calculate the greatest common factor of 420356 and 82118.
38
Calculate the greatest common divisor of 7735 and 3152345.
35
What is the highest common divisor of 42694064 and 826?
14
What is the greatest common divisor of 36665816 and 7400?
296
Calculate the highest common factor of 836625 and 90825.
75
What is the highest common divisor of 39580 and 3755?
5
Calculate the highest common factor of 48 and 14585460.
12
Calculate the highest common divisor of 1255576 and 456.
8
What is the highest common divisor of 195429238 and 244?
122
Calculate the greatest common factor of 483016 and 1922376.
1384
Calculate the highest common divisor of 1457223 and 96.
3
What is the highest common divisor of 629230 and 8849715?
3115
Calculate the greatest common factor of 52 and 176824882.
26
Calculate the greatest common factor of 1754 and 105690778.
1754
What is the highest common factor of 5542 and 805766?
34
Calculate the highest common divisor of 7010718 and 12870.
858
Calculate the greatest common divisor of 13753516 and 376.
188
What is the greatest common factor of 900 and 121513725?
225
What is the greatest common factor of 54782 and 2471?
7
What is the greatest common factor of 78512679 and 1107?
27
Calculate the greatest common divisor of 31746241 and 33443.
631
Calculate the highest common factor of 420 and 3013815.
105
What is the greatest common factor of 156510 and 764220?
1410
What is the highest common divisor of 71703511 and 9196?
2299
Calculate the greatest common divisor of 744 and 11391024.
24
Calculate the greatest common factor of 83635 and 2561295.
215
What is the highest common divisor of 110016036 and 780?
156
Calculate the highest common factor of 55943 and 559.
43
Calculate the greatest common divisor of 2544 and 2070339.
159
Calculate the highest common divisor of 406 and 1255282.
14
Calculate the greatest common divisor of 2716189 and 868.
217
Calculate the greatest common factor of 759072 and 1056.
96
What is the greatest common factor of 46 and 624692006?
46
What is the greatest common factor of 18788949 and 999?
27
Calculate the highest common divisor of 192 and 4130832.
48
What is the highest common divisor of 8952 and 8088?
24
What is the greatest common divisor of 655360 and 656?
16
Calculate the greatest common divisor of 1612140 and 2230.
10
What is the highest common factor of 2273741397 and 5013?
5013
Calculate the greatest common factor of 254983210 and 13712.
1714
What is the greatest common divisor of 109093 and 2268619?
859
Calculate the greatest common divisor of 291 and 42877977.
291
What is the highest common factor of 346885 and 951643?
1309
What is the highest common divisor of 26 and 33373366?
26
Calculate the highest common factor of 124511328 and 12384.
288
What is the highest common factor of 564895909 and 1517?
1517
What is the greatest common factor of 4283696 and 44872?
632
Calculate the highest common divisor of 290 and 41348780.
290
Calculate the greatest common factor of 3038 and 509894.
98
What is the highest common divisor of 7967270 and 32490?
3610
What is the greatest common factor of 1273 and 220028?
67
Calculate the greatest common divisor of 14769824 and 34928.
944
What is the greatest common divisor of 426490 and 22930?
10
What is the highest common factor of 22736 and 50203048?
392
Calculate the greatest common factor of 25606 and 4770976.
826
Calculate the highest common divisor of 4 and 75549492.
4
Calculate the highest common factor of 38892024 and 207.
9
What is the highest common factor of 36300 and 18450?
150
Calculate the highest common divisor of 1003632573 and 6954.
3477
What is the highest common factor of 16522 and 2002166?
1502
What is the greatest common divisor of 1192716 and 8092?
28
Calculate the greatest common divisor of 1258950 and 18494.
14
Calculate the highest common divisor of 368294 and 14845346.
3442
What is the highest common divisor of 13910398 and 164?
82
Calculate the highest common divisor of 120 and 215865300.
60
Calculate the highest common factor of 845227 and 11201.
23
What is the highest common divisor of 9019 and 6981083?
29
What is the greatest common factor of 2303 and 69403306?
49
What is the highest common factor of 313894 and 6?
2
Calculate the greatest common factor of 393604365 and 651.
651
Calculate the highest common factor of 31663459 and 201604.
3877
What is the highest common divisor of 13649296 and 181602?
2242
What is the greatest common factor of 100376594 and 106?
106
Calculate the highest common divisor of 35496 and 29112143.
493
Calculate the greatest common factor of 20040 and 4007165.
835
What is the highest common factor of 28998262 and 933?
311
Calculate the greatest common divisor of 3679 and 105885.
13
Calculate the greatest common divisor of 14672119 and 5845.
1169
Calculate the highest common factor of 9879720 and 27840.
3480
Calculate the highest common divisor of 1419500 and 25900.
100
Calculate the highest common factor of 178506 and 218268.
846
What is the highest common factor of 18280467 and 171?
9
Calculate the greatest common divisor of 15288 and 107506.
98
Calculate the highest common divisor of 1239 and 29913261.
21
What is the highest common divisor of 1572216 and 1526?
218
What is the greatest common divisor of 1611511 and 1936?
11
Calculate the highest common factor of 7994701 and 814.
407
Calculate the greatest common divisor of 72058688 and 152144.
4112
What is the greatest common factor of 18402252 and 10791?
3597
Calculate the highest common factor of 5542 and 2448799.
17
What is the greatest common divisor of 232652 and 406?
14
What is the highest common factor of 2494997 and 6341?
373
What is the greatest common factor of 159 and 50371889?
53
What is the greatest common factor of 509741696 and 2632?
376
Calculate the highest common factor of 80137 and 3937.
127
Calculate the greatest common divisor of 552230 and 7180.
10
Calculate the highest common factor of 656 and 20000.
16
Calculate the highest common divisor of 22578 and 1696530.
318
What is the highest common factor of 21 and 158060343?
21
What is the greatest common divisor of 6733945 and 232?
29
Calculate the greatest common divisor of 98 and 30396177.
7
Calculate the greatest common factor of 57767 and 2211245.
947
Calculate the highest common factor of 80 and 30767960.
40
Calculate the greatest common factor of 2766 and 6406978.
922
Calculate the greatest common divisor of 488324421 and 5787.
5787
What is the greatest common divisor of 21185795 and 14135?
1285
Calculate the highest common factor of 50868 and 115020.
324
Calculate the greatest common factor of 779050 and 18.
2
What is the highest common factor of 262353 and 78?
39
What is the greatest common factor of 286232 and 37296?
296
Calculate the greatest common divisor of 51853527 and 972.
243
Calculate the greatest common divisor of 10551 and 3699.
3
What is the greatest common factor of 3766 and 20999754?
538
What is the greatest common divisor of 1783840 and 76?
4
What is the highest common factor of 468 and 5558891?
13
What is the greatest common divisor of 302688216 and 144?
72
What